{"id":2,"date":"2016-05-10T03:48:21","date_gmt":"2016-05-10T03:48:21","guid":{"rendered":"http:\/\/riceblues.de\/?page_id=2"},"modified":"2023-04-08T16:09:07","modified_gmt":"2023-04-08T16:09:07","slug":"sample-page","status":"publish","type":"page","link":"https:\/\/riceblues.de\/","title":{"rendered":"Ralph Leonhardt &#8211; Urban Folk"},"content":{"rendered":"\n<p>Liebe Freunde und geneigte Zuh\u00f6rer, Mitklatscher,<\/p>\n\n\n\n<p>am 28.4. gibt es mich bei der Offenen B\u00fchne im Werkhaus bei <a href=\"http:\/\/www.verzupft.de\/\">&#8222;Verzupft&#8220;<\/a> &#8211; aber mit Tom-Waits-Covern, und am Piano.<\/p>\n\n\n\n<p>F\u00fcr meinen Kurs an der <a href=\"https:\/\/programm.vhs-gilching.org\/\">VHS Gilching<\/a> <a href=\"https:\/\/programm.vhs-gilching.org\/programm\/mensch-welt\/kurs\/Moderne+Liedbegleitung+auf+der+Gitarre\/23-1-0+274#inhalt\">&#8222;Moderne Liedbegleitung auf der Gitarre&#8220;<\/a> gibt es auch ein <a href=\"http:\/\/riceblues.de\/?page_id=309\">Kursmaterial und Vorlagen f\u00fcr Notizen<\/a>.  Nat\u00fcrlich k\u00f6nnt Ihr den auch benutzen, wenn Ihr den Kurs nicht belegt. <br><\/p>\n\n\n\n<p>Zus\u00e4tzlich habe ich auch mal<a href=\"http:\/\/riceblues.de\/?page_id=164\"> Notizhefte f\u00fcr Singer-Songwriter nebst Stift<\/a> dazu getestet.<br><\/p>\n\n\n\n<p>Einen Workshop mit dem hei\u00dfen Titel &#8222;Liedermachen f\u00fcr die Demokratie&#8220;(Arbeitstitel) wird es auch geben.<br><\/p>\n\n\n\n<p>Und dann gibt es ein Experiment, gemeinsam mit der Journalistin und Autorin <a href=\"https:\/\/www.amazon.de\/Planegger-Frauengeschichte-n-Gemeinde-Planegg\/dp\/3926163739\/ref=sr_1_6?qid=1679166852&amp;refinements=p_27%3AElisabeth+Gei%C3%9Fler&amp;s=books&amp;sr=1-6\">Elisabeth Geissler<\/a> mit dem Titel &#8222;Lied f\u00fcr einen Baum&#8220; (Song for a tree), das immersives Erlebnis mit Bewegung, Sound und Literatur sein wird. Elektronische Kl\u00e4nge und Natur treten in ein Wechselspiel. Inspiriert dazu hat mich die faszinierende Weltsicht der <a href=\"https:\/\/www.google.de\/search?q=Kogi&amp;sxsrf=AJOqlzXSOqliva1HVOKZdmhaGF72ZkZJBQ%3A1679166543491&amp;source=hp&amp;ei=TwwWZPDEG4mDi-gP1v-AmA4&amp;iflsig=AK50M_UAAAAAZBYaX8UVEF0pnbBOauZMrY6T_5t6LJpm&amp;ved=0ahUKEwiwqN3qlub9AhWJwQIHHdY_AOMQ4dUDCAk&amp;uact=5&amp;oq=Kogi&amp;gs_lcp=Cgdnd3Mtd2l6EAMyBQgAEIAEMgUIABCABDIFCAAQgAQyBQgAEIAEMgUILhCABDIHCAAQgAQQCjIFCAAQgAQyCwguEIAEEMcBEK8BMgcILhCABBAKMgUIABCABDoECCMQJzoLCAAQgAQQsQMQgwE6CAguELEDEIMBOg4ILhCABBCxAxDHARDRAzoICC4QgAQQsQM6CAgAEIAEELEDOgoIABCABBAUEIcCOgoIABCxAxCDARBDOgQIABBDOgsILhCABBCxAxDUAjoHCAAQsQMQQzoKCC4QxwEQ0QMQQ1AAWOIEYMIHaABwAHgAgAFliAHbApIBAzMuMZgBAKABAQ&amp;sclient=gws-wiz\">Kogi<\/a>.<\/p>\n\n\n\n<p><\/p>\n","protected":false},"excerpt":{"rendered":"<p>Liebe Freunde und geneigte Zuh\u00f6rer, Mitklatscher, am 28.4. gibt es mich bei der Offenen B\u00fchne im Werkhaus bei &#8222;Verzupft&#8220; &#8211; aber mit Tom-Waits-Covern, und am Piano. F\u00fcr meinen Kurs an der VHS Gilching &#8222;Moderne Liedbegleitung&hellip; <\/p>\n<p><a class=\"more-link\" href=\"https:\/\/riceblues.de\/\">Ralph Leonhardt &#8211; Urban Folk weiterlesen<\/a><\/p>\n","protected":false},"author":1,"featured_media":0,"parent":0,"menu_order":0,"comment_status":"closed","ping_status":"open","template":"","meta":{"footnotes":""},"class_list":["post-2","page","type-page","status-publish","hentry"],"_links":{"self":[{"href":"https:\/\/riceblues.de\/index.php?rest_route=\/wp\/v2\/pages\/2","targetHints":{"allow":["GET"]}}],"collection":[{"href":"https:\/\/riceblues.de\/index.php?rest_route=\/wp\/v2\/pages"}],"about":[{"href":"https:\/\/riceblues.de\/index.php?rest_route=\/wp\/v2\/types\/page"}],"author":[{"embeddable":true,"href":"https:\/\/riceblues.de\/index.php?rest_route=\/wp\/v2\/users\/1"}],"replies":[{"embeddable":true,"href":"https:\/\/riceblues.de\/index.php?rest_route=%2Fwp%2Fv2%2Fcomments&post=2"}],"version-history":[{"count":40,"href":"https:\/\/riceblues.de\/index.php?rest_route=\/wp\/v2\/pages\/2\/revisions"}],"predecessor-version":[{"id":358,"href":"https:\/\/riceblues.de\/index.php?rest_route=\/wp\/v2\/pages\/2\/revisions\/358"}],"wp:attachment":[{"href":"https:\/\/riceblues.de\/index.php?rest_route=%2Fwp%2Fv2%2Fmedia&parent=2"}],"curies":[{"name":"wp","href":"https:\/\/api.w.org\/{rel}","templated":true}]}}